 (3 + -2)*-6. Suppose -s*i = -4*i - 20. What is the remainder when i is divided by -2*(10/(-2) + 2)?
4
Suppose -4*r + 2*f + 58 = -2*r, -2*f = 3*r - 62. Calculate the remainder when r is divided by 9.
6
Suppose -2*a - 3*a + 165 = 0. What is the remainder when 21 is divided by (-123)/(-11) + (-6)/a?
10
Let f be -2 - (-6 + 2) - 1. Let n be (4 + 0 - 0) + f. Suppose -n*g + 0*g - 53 = -d, g - 159 = -3*d. What is the remainder when d is divided by 18?
17
Let n = 231 + -132. Calculate the remainder when n is divided by 25.
24
Suppose 2*u + 6 = 16. Suppose -u*b + 65 = -5*q, 5*b = 5*q - q + 60. Calculate the remainder when 29 is divided by b.
5
Let r = 11 - 6. Suppose 0 = -w + 3*j + 19, 35 = -0*w + r*w - 3*j. Calculate the remainder when 11 is divided by w.
3
Let l(p) = 11*p - 6. Let z(k) = -2*k**2 + 35*k - 27. Calculate the remainder when l(6) is divided by z(16).
18
Suppose -63 + 19 = -4*u. What is the remainder when u is divided by 3?
2
Let p(y) = -y**2 + 4. Let h be p(0). Suppose 0 = -r + h + 2. Calculate the remainder when 14 is divided by 52/r - 2/3.
6
Let r(z) = -19*z - 1. Calculate the remainder when r(-1) is divided by 2/(-4) - (33/2)/(-3).
3
Suppose 5*q = -d - 8 + 93, 0 = -3*q - d + 49. Calculate the remainder when 70 is divided by q.
16
Let l(b) = -b**3 - 3*b**2 + 3*b - 1. Calculate the remainder when l(-5) is divided by 21.
13
Let a = 26 - -3. Calculate the remainder when a is divided by (4/(-3))/((-3)/18).
5
What is the remainder when 37 is divided by -4 + 16 - 3/(-3)?
11
Let i = 0 + 4. Suppose 10 = -0*c + 4*c - l, -4*c + 5*l + 2 = 0. Calculate the remainder when i is divided by c.
1
Let f = -35 + 56. Calculate the remainder when 80 is divided by f.
17
Let w(v) = v**3 - 5*v**2 + v + 2. Calculate the remainder when 26 is divided by w(5).
5
Let x(q) = -9*q**3 - q - 1. Calculate the remainder when x(-1) is divided by 7 - (2/(-2) + 2).
3
Let a(g) = -g**2 - 3*g + 1. Let l be a(-4). Let h = l - -5. Suppose -2 = -4*o + 2. What is the remainder when h is divided by o?
0
Let o(i) = 27*i**2 + 2*i + 1. Let u = -1 - 0. What is the remainder when o(u) is divided by 7?
5
Calculate the remainder when (-132 + -2)*2/(-4) is divided by 23.
21
Let k = -5 + 1. What is the remainder when 16 is divided by (k/(-12))/((-2)/(-54))?
7
Suppose 0 = -4*c + 21 - 1. What is the remainder when 14 is divided by c?
4
Suppose 4*z = -0 + 56. What is the remainder when 52 is divided by z?
10
Suppose -3*y + 20 = 5*s - 20, 0 = s + 5*y + 14. Calculate the remainder when 83 is divided by s.
6
Suppose 3*u - 4 = 2. Suppose 3*y - 60 = -u*y + 5*n, -3*n = 3. Calculate the remainder when y is divided by 4.
3
Let b be 3/2*8/3. Suppose 5 + 0 = 3*v + h, -b*v = -h - 16. Calculate the remainder when 7/3 - 1/v is divided by 2.
0
Let t(x) = x**3 + 6*x**2 + 4*x - 5. Let m be t(-5). Let w = m + 6. Suppose 2*n + 4 - 12 = 0. What is the remainder when w is divided by n?
2
Let r = -29 - -42. Suppose r = q - 0. Calculate the remainder when 37 is divided by q.
11
Suppose 0 = -3*t + 8 - 23. Let n(f) be the first derivative of -f**2/2 - 2*f - 1. Calculate the remainder when n(t) is divided by 2.
1
Let b = -27 + 28. Suppose 3*d + 63 = 2*n - 21, -60 = -n - 3*d. What is the remainder when 47 is divided by (n/14)/(b/7)?
23
Let v(r) = -r**3 + 6*r**2 + 7*r. Let u be v(6). Suppose 2*t + 6 = -0*g + g, -5*g + 4*t = -u. What is the remainder when ((-42)/3)/((-1)/2) is divided by g?
8
Let c be (2 - 57)/(1/3). Suppose 17 = t + 7. Calculate the remainder when c/(-9) + (-4)/(-6) is divided by t.
9
Suppose -2*h = -3*s + 17 + 25, 2*s + 3*h = 28. Calculate the remainder when 26 is divided by s.
12
Let l = 92 - 75. Calculate the remainder when 65 is divided by l.
14
Suppose 0 = -2*q + 5*q + 5*k, -5*q + 2*k = 0. Suppose q*f - 39 = -2*v - f, 0 = f + 1. Calculate the remainder when v is divided by 11.
9
Let a(l) = l**3 + 3*l**2 - 8*l - 5. Let k be a(-5). Let q be (18/(-5))/(3/k). Suppose -b - 7 = -q. Calculate the remainder when 42 is divided by b.
9
Let g = 17 - 21. What is the remainder when 0*g/8 - -4 is divided by 2?
0
Let g(w) = w**3 - 10*w**2 + 12*w - 8. Calculate the remainder when g(9) is divided by (9 - -2) + 2/(-2).
9
Let w = 3 - -40. Calculate the remainder when w is divided by 23.
20
Suppose o + o = 0. Suppose 5*l - 2*l = o. What is the remainder when 7 is divided by (-8)/(-2)*(l - -1)?
3
Let k(m) = m**2 + 14*m - 13. What is the remainder when k(-16) is divided by 12?
7
Suppose -5*l - 22 = -4*q - 2*l, 0 = l + 2. Suppose -5*w = -y - 4, 0 = 3*w + w - q*y. Let h = w + 3. What is the remainder when 11 is divided by h?
3
Let t = 10 + 6. Calculate the remainder when t is divided by 12.
4
Suppose 5*j = t + 2*t + 5, -19 = 2*j + 3*t. Let m(q) = 2*q**2 - q - 2. Calculate the remainder when m(j) is divided by 3.
2
Let m(w) be the second derivative of -w**5/20 - w**4/6 + 5*w**3/6 + w**2/2 + 4*w. What is the remainder when 51 is divided by m(-4)?
12
Let y be ((-2)/2)/(4/28). Let g = y - -12. Calculate the remainder when 7*2/(-3)*-3 is divided by g.
4
Let a be (-17)/(-4) - 1/4. Suppose 0*j = j - a. What is the remainder when (54/15)/(j/10) is divided by 3?
0
Let h(l) = -2*l - 27. Let n(s) = -5*s + 2. What is the remainder when n(-6) is divided by h(-19)?
10
Let w be 0 - ((-16)/2 - -2). Suppose w = 2*v - 32. Calculate the remainder when v is divided by 9 - (-2 + 0 + 1).
9
Suppose -3*m = 2*l - 518, m - 5*l = 5*m - 693. What is the remainder when m is divided by 25?
22
Suppose -5*k - 25 = 2*j, 5*j = 4*k + 21 - 1. Suppose t = -j*t + 3. Calculate the remainder when t is divided by 1/(-4) - (-27)/12.
1
Let g = 7 - 5. Suppose -17 = -g*s - 1. Calculate the remainder when 15 is divided by s.
7
Suppose 0 = -3*h - 4*p - 28, -5*h - 3*p = -0*h + 32. Let n(j) = j**3 + 4*j**2 - 3*j + 2. What is the remainder when n(h) is divided by 4?
2
Let h = 61 - 26. Calculate the remainder when h is divided by 12.
11
Suppose 2*o + 3*o = 195. Calculate the remainder when o is divided by 10.
9
Let v(m) = -m**3 - 9*m**2 + 2*m - 7. Let b(n) = -n**3 - 9*n**2 + 3*n - 7. Let f(w) = 2*b(w) - 3*v(w). What is the remainder when 11 is divided by f(-9)?
4
Let h(v) = v**2 + 0 + 4 - 3 - 4*v. Suppose 0*i - 40 = -2*i + 5*t, 3*i = 2*t + 38. Calculate the remainder when i is divided by h(5).
4
Let n = 62 + -44. Calculate the remainder when n is divided by 7.
4
Suppose -3*y + 124 = y. Suppose c + 5*q + y = 0, -6*c - 5*q - 43 = -3*c. Let w(h) = -h**3 - 6*h**2 + 4. Calculate the remainder when 7 is divided by w(c).
3
What is the remainder when 124 is divided by (126/15)/((-6)/(-15))?
19
Let y = -21 - -32. Let r(o) = o**3 - 11*o**2 + o - 9. Let n = 12 - 7. What is the remainder when n is divided by r(y)?
1
Let m(u) = -u + 9. Let b be m(7). Let f = 10 - b. Suppose -f = -n - 0. Calculate the remainder when 23 is divided by n.
7
Let l(g) = -g. Let m(p) = -p**2 + 2. Let j be m(0). Let b = j + -1. What is the remainder when l(-1) is divided by b?
0
Let m = -5 + 9. Let i be -89 - (0 + (m - 3)). What is the remainder when 20 is divided by 1/(-2) - i/12?
6
Suppose -135 = -3*y - 42. Suppose 0 = 2*w - y - 9. Let o = 58 - 20. What is the remainder when o is divided by w?
18
Suppose -c = -5*c - 4*i + 16, -4*c - 3*i = -19. Calculate the remainder when 69 is divided by 27 - (-3 + c - 1).
21
Suppose -d = -0*d + 5*w - 91, 2*d - 4*w = 154. Let o = 113 - d. Calculate the remainder when o is divided by 11.
10
Let a = 41 + -7. What is the remainder when 100 is divided by a?
32
Let m = 3 - -11. Let l be 4/10 - 54/(-15). What is the remainder when m is divided by (2 - 0)/(l/10)?
4
Suppose f - 5*x - 13 = 0, -2*x = -x + 2. Suppose 0 = 4*o - t - 306, -302 = -o - 3*o - t. Suppose -o = -f*a + a. Calculate the remainder when a is divided by 13.
12
Let u = 9 - 6. What is the remainder when 37 is divided by 8/(-12) - (-32)/u?
7
Let b(w) = 2*w**3 + 13*w**2 - 10*w. Calculate the remainder when 82 is divided by b(-7).
19
Let y(r) = 17*r**2 - 1. Let k(c) = -c**3 + 8*c**2 - 5*c - 5. Suppose 4*m = -f + 3, -4*f + 2 + 31 = -5*m. What is the remainder when y(-1) is divided by k(f)?
7
Suppose f - 3*z - 23 = 2*z, z + 27 = 3*f. Suppose 0*y - y = -f. What is the remainder when y is divided by 5?
3
Suppose -2*o = 3*i - 78, 7*i - 76 = -2*o + 3*i. Let d = 23 + -14. What is the remainder when o is divided by d?
6
L